14) to base 15
-56
-1 (base 6) to base 14
-1
Convert 11 (base 2) to base 5.
3
-5 (base 13) to base 3
-12
-2 (base 12) to base 7
-2
What is 221 (base 6) in base 13?
67
Convert -1002 (base 4) to base 6.
-150
12 (base 9) to base 4
23
Convert -2 (base 9) to base 3.
-2
3 (base 6) to base 7
3
What is -202 (base 9) in base 11?
-13a
27 (base 14) to base 16
23
What is 0 (base 5) in base 8?
0
What is -74 (base 8) in base 4?
-330
19 (base 10) to base 3
201
What is -6 (base 11) in base 12?
-6
Convert 1 (base 2) to base 13.
1
1 (base 3) to base 13
1
What is -10 (base 3) in base 12?
-3
What is -2 (base 4) in base 8?
-2
What is cb (base 15) in base 5?
1231
What is -e8 (base 16) in base 15?
-107
What is 8 (base 14) in base 6?
12
What is 2 (base 3) in base 15?
2
Convert -1120 (base 3) to base 14.
-30
What is 0 (base 3) in base 8?
0
Convert 14 (base 7) to base 11.
10
3 (base 6) to base 11
3
Convert -207 (base 9) to base 5.
-1134
Convert 341 (base 5) to base 12.
80
-36 (base 14) to base 9
-53
2a (base 13) to base 7
51
Convert -c (base 13) to base 14.
-c
Convert 87 (base 10) to base 7.
153
-13 (base 9) to base 10
-12
What is 3 (base 9) in base 3?
10
11 (base 9) to base 12
a
What is c (base 15) in base 4?
30
Convert -93 (base 11) to base 5.
-402
What is 11202 (base 3) in base 9?
152
2 (base 16) to base 12
2
-26 (base 12) to base 2
-11110
What is -1 (base 4) in base 10?
-1
-100 (base 4) to base 7
-22
-16 (base 9) to base 6
-23
112 (base 14) to base 9
255
Convert -63 (base 9) to base 5.
-212
Convert 541 (base 6) to base 7.
412
Convert 1 (base 14) to base 16.
1
230 (base 7) to base 13
92
-220 (base 3) to base 12
-20
Convert 12 (base 16) to base 15.
13
What is -23 (base 4) in base 15?
-b
What is 23 (base 15) in base 16?
21
Convert -11111 (base 2) to base 7.
-43
Convert -2 (base 7) to base 10.
-2
-7 (base 11) to base 10
-7
1 (base 16) to base 6
1
1a (base 14) to base 12
20
-10 (base 4) to base 16
-4
2c (base 16) to base 14
32
What is -c7 (base 14) in base 3?
-20111
What is -11 (base 4) in base 7?
-5
16 (base 14) to base 13
17
What is -232 (base 8) in base 13?
-bb
What is -5 (base 12) in base 7?
-5
What is -49 (base 13) in base 6?
-141
What is 20 (base 4) in base 6?
12
Convert -8 (base 14) to base 11.
-8
Convert -130 (base 6) to base 8.
-66
What is 5 (base 14) in base 7?
5
What is 6 (base 12) in base 4?
12
-2 (base 16) to base 6
-2
Convert -3 (base 14) to base 3.
-10
Convert 1 (base 9) to base 15.
1
-14 (base 5) to base 3
-100
10 (base 5) to base 13
5
Convert 10 (base 10) to base 12.
a
1 (base 11) to base 3
1
What is -2 (base 9) in base 10?
-2
What is 0 (base 3) in base 11?
0
What is 10 (base 10) in base 14?
a
Convert -11 (base 13) to base 14.
-10
-5 (base 12) to base 2
-101
0 (base 5) to base 12
0
145 (base 7) to base 6
214
Convert 11 (base 10) to base 12.
b
Convert -39 (base 15) to base 16.
-36
9 (base 14) to base 16
9
-24 (base 10) to base 11
-22
Convert -415 (base 6) to base 4.
-2123
3 (base 10) to base 16
3
Convert -413 (base 5) to base 6.
-300
What is -21 (base 4) in base 10?
-9
Convert -63 (base 14) to base 13.
-69
What is -27 (base 12) in base 2?
-11111
Convert 100 (base 3) to base 6.
13
-4 (base 5) to base 11
-4
What is -1413 (base 5) in base 7?
-452
Convert -31 (base 7) to base 4.
-112
What is 21 (base 13) in base 11?
25
What is 100 (base 2) in base 5?
4
What is 100 (base 3) in base 14?
9
13 (base 15) to base 3
200
Convert b (base 12) to base 13.
b
-5 (base 15) to base 7
-5
What is 0 (base 4) in base 7?
0
-1434 (base 6) to base 3
-112011
-9 (base 16) to base 3
-100
Convert -110 (base 10) to base 4.
-1232
Convert 41 (base 13) to base 8.
65
What is 14b (base 12) in base 15?
d8
3 (base 14) to base 15
3
What is 11 (base 3) in base 9?
4
Convert 265 (base 7) to base 8.
221
1 (base 7) to base 11
1
Convert -20 (base 14) to base 13.
-22
Convert 2 (base 4) to base 6.
2
Convert 11 (base 15) to base 10.
16
What is -1 (base 14) in base 6?
-1
4 (base 11) to base 15
4
What is -5 (base 9) in base 11?
-5
52 (base 12) to base 8
76
Convert -3 (base 13) to base 9.
-3
-2 (base 6) to base 9
-2
Convert -6 (base 13) to base 6.
-10
-211 (base 3) to base 12
-1a
Convert -53 (base 6) to base 3.
-1020
-7 (base 13) to base 12
-7
What is 1423 (base 5) in base 10?
238
25 (base 14) to base 11
30
Convert -2d (base 16) to base 3.
-1200
What is -100 (base 2) in base 10?
-4
What is 164 (base 7) in base 6?
235
12 (base 5) to base 3
21
What is 0 (base 3) in base 10?
0
Convert -1 (base 6) to base 10.
-1
-112 (base 3) to base 16
-e
What is -5 (base 10) in base 14?
-5
-1 (base 7) to base 8
-1
What is -1000 (base 2) in base 8?
-10
What is -8 (base 15) in base 7?
-11
What is 3 (base 9) in base 11?
3
Convert 1000 (base 2) to base 15.
8
Convert -5 (base 10) to base 8.
-5
-4 (base 11) to base 5
-4
18 (base 14) to base 5
42
Convert 3 (base 5) to base 13.
3
47 (base 10) to base 12
3b
10 (base 7) to base 2
111
Convert -241 (base 12) to base 10.
-337
What is c (base 13) in base 7?
15
49 (base 14) to base 7
122
What is -12 (base 3) in base 7?
-5
What is -d (base 14) in base 9?
-14
122 (base 8) to base 7
145
What is -1 (base 9) in base 4?
-1
What is -10 (base 13) in base 8?
-15
9 (base 11) to base 6
13
0 (base 13) to base 15
0
What is 213 (base 5) in base 8?
72
10 (base 3) to base 4
3
What is -1220 (base 3) in base 11?
-47
Convert 2 (base 16) to base 12.
2
Convert 1 (base 3) to base 8.
1
Convert 15 (base 10) to base 11.
14
-15 (base 15) to base 8
-24
a (base 16) to base 5
20
Convert 74 (base 13) to base 4.
1133
-133 (base 12) to base 3
-20210
172 (base 9) to base 4
2102
What is 101100 (base 2) in base 7?
62
What is -13 (base 4) in base 7?
-10
7 (base 10) to base 12
7
Convert -1013 (base 4) to base 2.
-1000111
-12 (base 4) to base 8
-6
What is -6 (base 9) in base 3?
-20
What is 0 (base 2) in base 9?
0
Convert 2 (base 3) to base 7.
2
5 (base 7) to base 12
5
Convert -3 (base 8) to base 13.
-3
What is -247 (base 9) in base 10?
-205
Convert 0 (base 16) to base 6.
0
10 (base 7) to base 13
7
Convert -20 (base 4) to base 2.
-1000
Convert 6 (base 16) to base 10.
6
What is -c7 (base 14) in base 2?
-10101111
Convert 22 (base 8) to base 16.
12
-86 (base 10) to base 13
-68
What is -12 (base 3) in base 2?
-101
What is -13 (base 11) in base 9?
-15
What is -82 (base 14) in base 10?
-114
Convert -31 (base 7) to base 10.
-22
Convert 125 (base 15) to base 11.
217
Convert 1 (base 16) to base 14.
1
21 (base 3) to base 5
12
Convert 6 (base 7) to base 5.
11
Convert -201 (base 3) to base 2.
-10011
Convert 14 (base 16) to base 15.
15
What is -22 (base 3) in base 9?
-8
Convert 8 (base 11) to base 16.
8
0 (base 16) to base 8
0
What is 2 (base 15) in base 9?
2
-10101 (base 2) to base 3
-210
Convert 2 (base 7) to base 12.
2
Convert 1 (base 11) to base 14.
1
18 (base 10) to base 2
10010
-88 (base 11) to base 9
-116
What is d (base 15) in base 7?
16
Convert -97 (base 11) to base 12.
-8a
1101000 (base 2) to base 12
88
-3 (base 9) to base 3
-10
What is 23 (base 9) in base 11?
1a
Convert 5 (base 8) to base 2.
101
What is 210 (base 3) in base 4?
111
Convert 202 (base 7) to base 2.
1100100
21 (base 5) to base 3
102
What is -24 (base 10) in base 9?
-26
Convert 102 (base 4) to base 6.
30
Convert 300 (base 4) to base 16.
30
20 (base 12) to base 10
24
Convert -11 (base 13) to base 6.
-22
55 (base 7) to base 14
2c
-1 (base 16) to base 14
-1
-7 (base 16) to base 4
-13
-72 (base 10) to base 7
-132
What is 13 (base 4) in base 11?
7
What is -3 (base 7) in base 2?
-11
-23 (base 7) to base 10
-17
1 (base 4) to base 2
1
What is 10220 (base 3) in base 14?
77
What is -22 (base 4) in base 7?
-13
What is -3 (base 6) in base 10?
-3
Convert 0 (base 12) to base 9.
0
What is -1011 (base 2) in base 3?
-102
20 (base 6) to base 11
11
Convert 111 (base 2) to base 9.
7
Convert -131 (base 7) to base 8.
-107
-10011 (base 2) to base 4
-103
201 (base 3) to base 15
14
-5 (base 7) to base 14
-5
-7 (base 9) to base 4
-13
What is 2 (base 9) in base 6?
2
What is 311 (base 5) in base 4?
1101
-11 (base 13) to base 11
-13
67 (base 8) to base 5
210
Convert 0 (base 7) to base 14.
0
Convert 5 (base 7) to base 2.
101
33 (base 9) to base 6
50
What is 56 (base 10) in base 15?
3b
Convert 4 (base 13) to base 8.
4
What is -13 (base 11) in base 5?
-24
Convert 55 (base 14) to base 10.
75
W